{"id":1164,"date":"2023-08-08T19:03:37","date_gmt":"2023-08-08T19:03:37","guid":{"rendered":"https:\/\/www.congresospse.es\/?page_id=1164"},"modified":"2023-11-17T10:17:46","modified_gmt":"2023-11-17T10:17:46","slug":"foro-social-y-de-experiencias-escolares","status":"publish","type":"page","link":"https:\/\/www.congresospse.es\/?page_id=1164","title":{"rendered":"Foro social y de experiencias escolares"},"content":{"rendered":"\n<figure class=\"wp-block-image\"><img decoding=\"async\" src=\"https:\/\/www.congresospse.es\/wp-content\/uploads\/2022\/07\/E2bGMFFX0AEvJ4d-1200x844.jpeg\" alt=\"\"\/><\/figure>\n\n\n\n<h2 class=\"wp-block-heading\">S\u00e1bado 18 de noviembre 2023<\/h2>\n\n\n\n<p>TODAS LAS ASOCIACIONES Y COLECTIVOS SON INVITADOS A COMPARTIR SUS EXPERIENCIAS O TRABAJOS EN FORMATO POSTER, O ENARAS, Y A DISTRIBUIR LA INFORMACI\u00d3N ENTRE LOS GRUPOS Y ASISTENTES.<\/p>\n\n\n\n<p class=\"has-light-blue-background-color has-background has-medium-font-size\"><strong> Envia un resumen en formato libre<\/strong> a comunicaciones@congresospse.es <\/p>\n\n\n\n<p class=\"has-light-blue-background-color has-background\">Intenta resumir lo que est\u00e1is haciendo. La extenci\u00f3n es libre. Ponle un t\u00edtulo, h\u00e1blanos de vuestro prop\u00f3sito de la actividad que quereis compartir. Indica el nombre de los autores, un email y tel\u00e9fono de contacto. Gracias. <\/p>\n\n\n\n<p class=\"has-light-blue-background-color has-background\">Env\u00edos hasta el d\u00eda 12 de noviembre de 2023.  ALGUNAS SER\u00c1N INVITADAS A PRESENTAR LA EXPERIENCIA EN UNA MESA. TODOS LOS DEM\u00c1S PODEIS TRAEROS ENARAS, POSTERS,&#8230;os dejaremos un espacio donde compartir vuestra misi\u00f3n y tareas. <\/p>\n\n\n\n<p><strong>Las ONGs y activos comunitarios la inscripci\u00f3n es gratuita. Y podr\u00e1n disfrutar del coctel del Viernes y de los caf\u00e9s. Solo tienes que rellenar <a href=\"https:\/\/spse.es\/inscripciones-congresos\/\" target=\"_blank\" rel=\"noreferrer noopener\">esta inscripci\u00f3n<\/a><\/strong><\/p>\n\n\n\n<p>Cu\u00e9ntanos lo que est\u00e1s haciendo en la ONG o grupo de forma resumida y presenta tu experiencia en el congreso. Env\u00eda el resumen. Incluye el nombre de las personas que lo env\u00edan y un tel\u00e9fono. <\/p>\n\n\n\n<h3 class=\"wp-block-heading\"><strong>comunicaciones@congresospse.es <\/strong><\/h3>\n\n\n\n<p><\/p>\n\n\n\n<h2 class=\"wp-block-heading\"><strong>Foro social.&nbsp;<\/strong>Predicar con el ejemplo y motivar los cambios &nbsp;<\/h2>\n\n\n\n<div class=\"wp-block-media-text is-stacked-on-mobile\" style=\"grid-template-columns:28% auto\"><figure class=\"wp-block-media-text__media\"><img loading=\"lazy\" decoding=\"async\" width=\"244\" height=\"247\" src=\"http:\/\/www.congresospse.es\/wp-content\/uploads\/2022\/09\/12632274.jpg\" alt=\"\" class=\"wp-image-665 size-full\" srcset=\"https:\/\/www.congresospse.es\/wp-content\/uploads\/2022\/09\/12632274.jpg 244w, https:\/\/www.congresospse.es\/wp-content\/uploads\/2022\/09\/12632274-100x100.jpg 100w\" sizes=\"auto, (max-width: 244px) 85vw, 244px\" \/><\/figure><div class=\"wp-block-media-text__content\">\n<p><strong>Moderador:&nbsp;<\/strong>D. Pablo Reverte Navarro.&nbsp;<em>Presidente de la Asociaci\u00f3n de Murcia para la UNESCO.<\/em><\/p>\n<\/div><\/div>\n\n\n\n<div class=\"wp-block-media-text is-stacked-on-mobile\" style=\"grid-template-columns:25% auto\"><figure class=\"wp-block-media-text__media\"><img loading=\"lazy\" decoding=\"async\" width=\"768\" height=\"1024\" src=\"http:\/\/www.congresospse.es\/wp-content\/uploads\/2023\/08\/7a128878-edb0-42d8-9bcc-ef35c46a9797-768x1024.jpeg\" alt=\"\" class=\"wp-image-1263 size-full\" srcset=\"https:\/\/www.congresospse.es\/wp-content\/uploads\/2023\/08\/7a128878-edb0-42d8-9bcc-ef35c46a9797-768x1024.jpeg 768w, https:\/\/www.congresospse.es\/wp-content\/uploads\/2023\/08\/7a128878-edb0-42d8-9bcc-ef35c46a9797-225x300.jpeg 225w, https:\/\/www.congresospse.es\/wp-content\/uploads\/2023\/08\/7a128878-edb0-42d8-9bcc-ef35c46a9797-1152x1536.jpeg 1152w, https:\/\/www.congresospse.es\/wp-content\/uploads\/2023\/08\/7a128878-edb0-42d8-9bcc-ef35c46a9797-400x533.jpeg 400w, https:\/\/www.congresospse.es\/wp-content\/uploads\/2023\/08\/7a128878-edb0-42d8-9bcc-ef35c46a9797.jpeg 1200w\" sizes=\"auto, (max-width: 768px) 85vw, 768px\" \/><\/figure><div class=\"wp-block-media-text__content\">\n<p>Moderadora: Marisa Maldonado, Presidenta de la FAPA Regional Juan Gonz\u00e1lez <\/p>\n<\/div><\/div>\n\n\n\n<p><strong>Experiencias seleccionadas<\/strong>&nbsp;para la comunicaci\u00f3n oral. Se comunicar\u00e1n la primera semana de noviembre. <\/p>\n\n\n\n<p><\/p>\n","protected":false},"excerpt":{"rendered":"<p>S\u00e1bado 18 de noviembre 2023 TODAS LAS ASOCIACIONES Y COLECTIVOS SON INVITADOS A COMPARTIR SUS EXPERIENCIAS O TRABAJOS EN FORMATO POSTER, O ENARAS, Y A DISTRIBUIR LA INFORMACI\u00d3N ENTRE LOS GRUPOS Y ASISTENTES. Envia un resumen en formato libre a comunicaciones@congresospse.es Intenta resumir lo que est\u00e1is haciendo. La extenci\u00f3n es libre. Ponle un t\u00edtulo, h\u00e1blanos &hellip; <a href=\"https:\/\/www.congresospse.es\/?page_id=1164\" class=\"more-link\">Continuar leyendo<span class=\"screen-reader-text\"> \u00abForo social y de experiencias escolares\u00bb<\/span><\/a><\/p>\n","protected":false},"author":1,"featured_media":0,"parent":0,"menu_order":0,"comment_status":"closed","ping_status":"closed","template":"","meta":{"footnotes":""},"class_list":["post-1164","page","type-page","status-publish","hentry"],"yoast_head":"<!-- This site is optimized with the Yoast SEO plugin v19.4 - https:\/\/yoast.com\/wordpress\/plugins\/seo\/ -->\n<title>Foro social y de experiencias escolares - 49 SPSE, Caravaca de la Cruz<\/title>\n<meta name=\"description\" content=\"Llamada a la participaci\u00f3n abierta de ONGs. Comparte tu prop\u00f3sito y\/o experiencia de inter\u00e9s para la infancia-adolescencia. Env\u00edos foro social: hasta el 12 de noviembre.\" \/>\n<meta name=\"robots\" content=\"index, follow, max-snippet:-1, max-image-preview:large, max-video-preview:-1\" \/>\n<link rel=\"canonical\" href=\"https:\/\/www.congresospse.es\/?page_id=1164\" \/>\n<meta property=\"og:locale\" content=\"es_ES\" \/>\n<meta property=\"og:type\" content=\"article\" \/>\n<meta property=\"og:title\" content=\"Foro social y de experiencias escolares - 49 SPSE, Caravaca de la Cruz\" \/>\n<meta property=\"og:description\" content=\"Llamada a la participaci\u00f3n abierta de ONGs. Comparte tu prop\u00f3sito y\/o experiencia de inter\u00e9s para la infancia-adolescencia. Env\u00edos foro social: hasta el 12 de noviembre.\" \/>\n<meta property=\"og:url\" content=\"https:\/\/www.congresospse.es\/?page_id=1164\" \/>\n<meta property=\"og:site_name\" content=\"LI (51) Reuni\u00f3n Anual de la Sociedad de Pediatria del Sureste de Espa\u00f1a\" \/>\n<meta property=\"article:modified_time\" content=\"2023-11-17T10:17:46+00:00\" \/>\n<meta property=\"og:image\" content=\"https:\/\/www.congresospse.es\/wp-content\/uploads\/2022\/07\/E2bGMFFX0AEvJ4d-1200x844.jpeg\" \/>\n<meta name=\"twitter:card\" content=\"summary_large_image\" \/>\n<meta name=\"twitter:label1\" content=\"Tiempo de lectura\" \/>\n\t<meta name=\"twitter:data1\" content=\"1 minuto\" \/>\n<script type=\"application\/ld+json\" class=\"yoast-schema-graph\">{\"@context\":\"https:\/\/schema.org\",\"@graph\":[{\"@type\":\"Organization\",\"@id\":\"https:\/\/www.congresospse.es\/#organization\",\"name\":\"LI (51) Reuni\u00f3n Anual de la Sociedad de Pediatria del Sureste de Espa\u00f1a\",\"url\":\"https:\/\/www.congresospse.es\/\",\"sameAs\":[],\"logo\":{\"@type\":\"ImageObject\",\"inLanguage\":\"es\",\"@id\":\"https:\/\/www.congresospse.es\/#\/schema\/logo\/image\/\",\"url\":\"https:\/\/www.congresospse.es\/wp-content\/uploads\/2022\/08\/cropped-2BD1DBE8-4FBA-4E7C-BD73-4F6173AA7712-2.png\",\"contentUrl\":\"https:\/\/www.congresospse.es\/wp-content\/uploads\/2022\/08\/cropped-2BD1DBE8-4FBA-4E7C-BD73-4F6173AA7712-2.png\",\"width\":110,\"height\":110,\"caption\":\"LI (51) Reuni\u00f3n Anual de la Sociedad de Pediatria del Sureste de Espa\u00f1a\"},\"image\":{\"@id\":\"https:\/\/www.congresospse.es\/#\/schema\/logo\/image\/\"}},{\"@type\":\"WebSite\",\"@id\":\"https:\/\/www.congresospse.es\/#website\",\"url\":\"https:\/\/www.congresospse.es\/\",\"name\":\"LI (51) Reuni\u00f3n Anual de la Sociedad de Pediatria del Sureste de Espa\u00f1a\",\"description\":\"Estaremos donde est\u00e9 la infancia y la adolescencia de la Regi\u00f3n de Murcia\",\"publisher\":{\"@id\":\"https:\/\/www.congresospse.es\/#organization\"},\"potentialAction\":[{\"@type\":\"SearchAction\",\"target\":{\"@type\":\"EntryPoint\",\"urlTemplate\":\"https:\/\/www.congresospse.es\/?s={search_term_string}\"},\"query-input\":\"required name=search_term_string\"}],\"inLanguage\":\"es\"},{\"@type\":\"WebPage\",\"@id\":\"https:\/\/www.congresospse.es\/?page_id=1164\",\"url\":\"https:\/\/www.congresospse.es\/?page_id=1164\",\"name\":\"Foro social y de experiencias escolares - 49 SPSE, Caravaca de la Cruz\",\"isPartOf\":{\"@id\":\"https:\/\/www.congresospse.es\/#website\"},\"datePublished\":\"2023-08-08T19:03:37+00:00\",\"dateModified\":\"2023-11-17T10:17:46+00:00\",\"description\":\"Llamada a la participaci\u00f3n abierta de ONGs. Comparte tu prop\u00f3sito y\/o experiencia de inter\u00e9s para la infancia-adolescencia. Env\u00edos foro social: hasta el 12 de noviembre.\",\"breadcrumb\":{\"@id\":\"https:\/\/www.congresospse.es\/?page_id=1164#breadcrumb\"},\"inLanguage\":\"es\",\"potentialAction\":[{\"@type\":\"ReadAction\",\"target\":[\"https:\/\/www.congresospse.es\/?page_id=1164\"]}]},{\"@type\":\"BreadcrumbList\",\"@id\":\"https:\/\/www.congresospse.es\/?page_id=1164#breadcrumb\",\"itemListElement\":[{\"@type\":\"ListItem\",\"position\":1,\"name\":\"Portada\",\"item\":\"https:\/\/www.congresospse.es\/\"},{\"@type\":\"ListItem\",\"position\":2,\"name\":\"Foro social y de experiencias escolares\"}]}]}<\/script>\n<!-- \/ Yoast SEO plugin. -->","yoast_head_json":{"title":"Foro social y de experiencias escolares - 49 SPSE, Caravaca de la Cruz","description":"Llamada a la participaci\u00f3n abierta de ONGs. Comparte tu prop\u00f3sito y\/o experiencia de inter\u00e9s para la infancia-adolescencia. Env\u00edos foro social: hasta el 12 de noviembre.","robots":{"index":"index","follow":"follow","max-snippet":"max-snippet:-1","max-image-preview":"max-image-preview:large","max-video-preview":"max-video-preview:-1"},"canonical":"https:\/\/www.congresospse.es\/?page_id=1164","og_locale":"es_ES","og_type":"article","og_title":"Foro social y de experiencias escolares - 49 SPSE, Caravaca de la Cruz","og_description":"Llamada a la participaci\u00f3n abierta de ONGs. Comparte tu prop\u00f3sito y\/o experiencia de inter\u00e9s para la infancia-adolescencia. Env\u00edos foro social: hasta el 12 de noviembre.","og_url":"https:\/\/www.congresospse.es\/?page_id=1164","og_site_name":"LI (51) Reuni\u00f3n Anual de la Sociedad de Pediatria del Sureste de Espa\u00f1a","article_modified_time":"2023-11-17T10:17:46+00:00","og_image":[{"url":"https:\/\/www.congresospse.es\/wp-content\/uploads\/2022\/07\/E2bGMFFX0AEvJ4d-1200x844.jpeg"}],"twitter_card":"summary_large_image","twitter_misc":{"Tiempo de lectura":"1 minuto"},"schema":{"@context":"https:\/\/schema.org","@graph":[{"@type":"Organization","@id":"https:\/\/www.congresospse.es\/#organization","name":"LI (51) Reuni\u00f3n Anual de la Sociedad de Pediatria del Sureste de Espa\u00f1a","url":"https:\/\/www.congresospse.es\/","sameAs":[],"logo":{"@type":"ImageObject","inLanguage":"es","@id":"https:\/\/www.congresospse.es\/#\/schema\/logo\/image\/","url":"https:\/\/www.congresospse.es\/wp-content\/uploads\/2022\/08\/cropped-2BD1DBE8-4FBA-4E7C-BD73-4F6173AA7712-2.png","contentUrl":"https:\/\/www.congresospse.es\/wp-content\/uploads\/2022\/08\/cropped-2BD1DBE8-4FBA-4E7C-BD73-4F6173AA7712-2.png","width":110,"height":110,"caption":"LI (51) Reuni\u00f3n Anual de la Sociedad de Pediatria del Sureste de Espa\u00f1a"},"image":{"@id":"https:\/\/www.congresospse.es\/#\/schema\/logo\/image\/"}},{"@type":"WebSite","@id":"https:\/\/www.congresospse.es\/#website","url":"https:\/\/www.congresospse.es\/","name":"LI (51) Reuni\u00f3n Anual de la Sociedad de Pediatria del Sureste de Espa\u00f1a","description":"Estaremos donde est\u00e9 la infancia y la adolescencia de la Regi\u00f3n de Murcia","publisher":{"@id":"https:\/\/www.congresospse.es\/#organization"},"potentialAction":[{"@type":"SearchAction","target":{"@type":"EntryPoint","urlTemplate":"https:\/\/www.congresospse.es\/?s={search_term_string}"},"query-input":"required name=search_term_string"}],"inLanguage":"es"},{"@type":"WebPage","@id":"https:\/\/www.congresospse.es\/?page_id=1164","url":"https:\/\/www.congresospse.es\/?page_id=1164","name":"Foro social y de experiencias escolares - 49 SPSE, Caravaca de la Cruz","isPartOf":{"@id":"https:\/\/www.congresospse.es\/#website"},"datePublished":"2023-08-08T19:03:37+00:00","dateModified":"2023-11-17T10:17:46+00:00","description":"Llamada a la participaci\u00f3n abierta de ONGs. Comparte tu prop\u00f3sito y\/o experiencia de inter\u00e9s para la infancia-adolescencia. Env\u00edos foro social: hasta el 12 de noviembre.","breadcrumb":{"@id":"https:\/\/www.congresospse.es\/?page_id=1164#breadcrumb"},"inLanguage":"es","potentialAction":[{"@type":"ReadAction","target":["https:\/\/www.congresospse.es\/?page_id=1164"]}]},{"@type":"BreadcrumbList","@id":"https:\/\/www.congresospse.es\/?page_id=1164#breadcrumb","itemListElement":[{"@type":"ListItem","position":1,"name":"Portada","item":"https:\/\/www.congresospse.es\/"},{"@type":"ListItem","position":2,"name":"Foro social y de experiencias escolares"}]}]}},"_links":{"self":[{"href":"https:\/\/www.congresospse.es\/index.php?rest_route=\/wp\/v2\/pages\/1164","targetHints":{"allow":["GET"]}}],"collection":[{"href":"https:\/\/www.congresospse.es\/index.php?rest_route=\/wp\/v2\/pages"}],"about":[{"href":"https:\/\/www.congresospse.es\/index.php?rest_route=\/wp\/v2\/types\/page"}],"author":[{"embeddable":true,"href":"https:\/\/www.congresospse.es\/index.php?rest_route=\/wp\/v2\/users\/1"}],"replies":[{"embeddable":true,"href":"https:\/\/www.congresospse.es\/index.php?rest_route=%2Fwp%2Fv2%2Fcomments&post=1164"}],"version-history":[{"count":14,"href":"https:\/\/www.congresospse.es\/index.php?rest_route=\/wp\/v2\/pages\/1164\/revisions"}],"predecessor-version":[{"id":1594,"href":"https:\/\/www.congresospse.es\/index.php?rest_route=\/wp\/v2\/pages\/1164\/revisions\/1594"}],"wp:attachment":[{"href":"https:\/\/www.congresospse.es\/index.php?rest_route=%2Fwp%2Fv2%2Fmedia&parent=1164"}],"curies":[{"name":"wp","href":"https:\/\/api.w.org\/{rel}","templated":true}]}}