{"id":2150,"date":"2025-09-13T17:19:45","date_gmt":"2025-09-13T17:19:45","guid":{"rendered":"https:\/\/www.congresospse.es\/?page_id=2150"},"modified":"2025-10-04T16:24:02","modified_gmt":"2025-10-04T16:24:02","slug":"bienvenida-2025","status":"publish","type":"page","link":"https:\/\/www.congresospse.es\/","title":{"rendered":"Bienvenida 2025"},"content":{"rendered":"\n<p>Queridos colegas y amigos,<\/p>\n\n\n\n<p>Es un honor darles la bienvenida a la <strong>51\u00aa Reuni\u00f3n Anual de la Sociedad de Pediatr\u00eda del Sureste de Espa\u00f1a<\/strong>, que este a\u00f1o celebramos bajo un lema tan inspirador como necesario: <strong>\u201cLas primeras 1000 semanas: un nuevo mapa para la pediatr\u00eda del siglo XXI\u201d<\/strong>.<\/p>\n\n\n\n<p>Este concepto, que debemos agradecer al presidente de nuestra sociedad, representa una de sus grandes aportaciones a la pediatr\u00eda: comprender que la ventana cr\u00edtica que va desde la etapa periconcepcional hasta los 20 a\u00f1os marca de manera decisiva la salud presente y futura de cada ni\u00f1o y ni\u00f1a y da sentido global a la pediatr\u00eda. <\/p>\n\n\n\n<p>Durante estas <strong>primeras 1000 semanas<\/strong>, la huella del entorno \u2014nutricional, emocional, social, ambiental\u2014 es m\u00e1s profunda que nunca. Es aqu\u00ed donde se entrelazan los factores que abordamos desde distintas especialidades: la neumolog\u00eda, la gastroenterolog\u00eda, la oncolog\u00eda, la neonatolog\u00eda, la salud mental, la medicina ambiental y el seguimiento de los supervivientes de c\u00e1ncer infantil. Bajo este gran paraguas com\u00fan, la pediatr\u00eda encuentra su sentido pleno: acompa\u00f1ar, prevenir, anticipar y cuidar con una mirada integral y humanizada.<\/p>\n\n\n\n<p>Nuestro deseo es que estas jornadas nos ayuden a trazar juntos ese <strong>nuevo mapa de la pediatr\u00eda del siglo XXI<\/strong>, en el que los avances cient\u00edficos, las experiencias cl\u00ednicas y las pol\u00edticas de salud p\u00fablica se unan para ofrecer a cada ni\u00f1o y a cada adolescente la mejor oportunidad de desarrollo y de vida.<\/p>\n\n\n\n<p>Gracias por estar aqu\u00ed y por sumar vuestro compromiso, vuestra ilusi\u00f3n y vuestro saber. Entre todos, haremos de estas primeras 1000 semanas un tiempo decisivo para cambiarlo todo.<\/p>\n\n\n\n<div class=\"wp-block-media-text is-stacked-on-mobile\" style=\"grid-template-columns:32% auto\"><figure class=\"wp-block-media-text__media\"><img loading=\"lazy\" decoding=\"async\" width=\"230\" height=\"219\" src=\"https:\/\/www.congresospse.es\/wp-content\/uploads\/2025\/10\/download-2-1.jpg\" alt=\"\" class=\"wp-image-2208 size-full\"\/><\/figure><div class=\"wp-block-media-text__content\">\n<p>Carmen Solano. <\/p>\n\n\n\n<p>Presidenta del Comit\u00e9 Organizador<\/p>\n\n\n\n<p>Jefa de Secci\u00f3n de Urgencias. Servicio de pediatr\u00eda. Hospital Cl\u00ednico Universitario Virgen de la Arrixaca<\/p>\n<\/div><\/div>\n","protected":false},"excerpt":{"rendered":"<p>Queridos colegas y amigos, Es un honor darles la bienvenida a la 51\u00aa Reuni\u00f3n Anual de la Sociedad de Pediatr\u00eda del Sureste de Espa\u00f1a, que este a\u00f1o celebramos bajo un lema tan inspirador como necesario: \u201cLas primeras 1000 semanas: un nuevo mapa para la pediatr\u00eda del siglo XXI\u201d. Este concepto, que debemos agradecer al presidente &hellip; <a href=\"https:\/\/www.congresospse.es\/\" class=\"more-link\">Continuar leyendo<span class=\"screen-reader-text\"> \u00abBienvenida 2025\u00bb<\/span><\/a><\/p>\n","protected":false},"author":1,"featured_media":0,"parent":0,"menu_order":0,"comment_status":"closed","ping_status":"closed","template":"","meta":{"footnotes":""},"class_list":["post-2150","page","type-page","status-publish","hentry"],"yoast_head":"<!-- This site is optimized with the Yoast SEO plugin v19.4 - https:\/\/yoast.com\/wordpress\/plugins\/seo\/ -->\n<title>Bienvenida 2025 - LI (51) Reuni\u00f3n Anual de la Sociedad de Pediatria del Sureste de Espa\u00f1a<\/title>\n<meta name=\"robots\" content=\"index, follow, max-snippet:-1, max-image-preview:large, max-video-preview:-1\" \/>\n<link rel=\"canonical\" href=\"https:\/\/www.congresospse.es\/\" \/>\n<meta property=\"og:locale\" content=\"es_ES\" \/>\n<meta property=\"og:type\" content=\"article\" \/>\n<meta property=\"og:title\" content=\"Bienvenida 2025 - LI (51) Reuni\u00f3n Anual de la Sociedad de Pediatria del Sureste de Espa\u00f1a\" \/>\n<meta property=\"og:description\" content=\"Queridos colegas y amigos, Es un honor darles la bienvenida a la 51\u00aa Reuni\u00f3n Anual de la Sociedad de Pediatr\u00eda del Sureste de Espa\u00f1a, que este a\u00f1o celebramos bajo un lema tan inspirador como necesario: \u201cLas primeras 1000 semanas: un nuevo mapa para la pediatr\u00eda del siglo XXI\u201d. Este concepto, que debemos agradecer al presidente &hellip; Continuar leyendo &quot;Bienvenida 2025&quot;\" \/>\n<meta property=\"og:url\" content=\"https:\/\/www.congresospse.es\/\" \/>\n<meta property=\"og:site_name\" content=\"LI (51) Reuni\u00f3n Anual de la Sociedad de Pediatria del Sureste de Espa\u00f1a\" \/>\n<meta property=\"article:modified_time\" content=\"2025-10-04T16:24:02+00:00\" \/>\n<meta property=\"og:image\" content=\"https:\/\/www.congresospse.es\/wp-content\/uploads\/2025\/10\/download-2-1.jpg\" \/>\n<meta name=\"twitter:card\" content=\"summary_large_image\" \/>\n<meta name=\"twitter:label1\" content=\"Tiempo de lectura\" \/>\n\t<meta name=\"twitter:data1\" content=\"2 minutos\" \/>\n<script type=\"application\/ld+json\" class=\"yoast-schema-graph\">{\"@context\":\"https:\/\/schema.org\",\"@graph\":[{\"@type\":\"Organization\",\"@id\":\"https:\/\/www.congresospse.es\/#organization\",\"name\":\"LI (51) Reuni\u00f3n Anual de la Sociedad de Pediatria del Sureste de Espa\u00f1a\",\"url\":\"https:\/\/www.congresospse.es\/\",\"sameAs\":[],\"logo\":{\"@type\":\"ImageObject\",\"inLanguage\":\"es\",\"@id\":\"https:\/\/www.congresospse.es\/#\/schema\/logo\/image\/\",\"url\":\"https:\/\/www.congresospse.es\/wp-content\/uploads\/2022\/08\/cropped-2BD1DBE8-4FBA-4E7C-BD73-4F6173AA7712-2.png\",\"contentUrl\":\"https:\/\/www.congresospse.es\/wp-content\/uploads\/2022\/08\/cropped-2BD1DBE8-4FBA-4E7C-BD73-4F6173AA7712-2.png\",\"width\":110,\"height\":110,\"caption\":\"LI (51) Reuni\u00f3n Anual de la Sociedad de Pediatria del Sureste de Espa\u00f1a\"},\"image\":{\"@id\":\"https:\/\/www.congresospse.es\/#\/schema\/logo\/image\/\"}},{\"@type\":\"WebSite\",\"@id\":\"https:\/\/www.congresospse.es\/#website\",\"url\":\"https:\/\/www.congresospse.es\/\",\"name\":\"LI (51) Reuni\u00f3n Anual de la Sociedad de Pediatria del Sureste de Espa\u00f1a\",\"description\":\"Estaremos donde est\u00e9 la infancia y la adolescencia de la Regi\u00f3n de Murcia\",\"publisher\":{\"@id\":\"https:\/\/www.congresospse.es\/#organization\"},\"potentialAction\":[{\"@type\":\"SearchAction\",\"target\":{\"@type\":\"EntryPoint\",\"urlTemplate\":\"https:\/\/www.congresospse.es\/?s={search_term_string}\"},\"query-input\":\"required name=search_term_string\"}],\"inLanguage\":\"es\"},{\"@type\":\"WebPage\",\"@id\":\"https:\/\/www.congresospse.es\/\",\"url\":\"https:\/\/www.congresospse.es\/\",\"name\":\"Bienvenida 2025 - LI (51) Reuni\u00f3n Anual de la Sociedad de Pediatria del Sureste de Espa\u00f1a\",\"isPartOf\":{\"@id\":\"https:\/\/www.congresospse.es\/#website\"},\"datePublished\":\"2025-09-13T17:19:45+00:00\",\"dateModified\":\"2025-10-04T16:24:02+00:00\",\"breadcrumb\":{\"@id\":\"https:\/\/www.congresospse.es\/#breadcrumb\"},\"inLanguage\":\"es\",\"potentialAction\":[{\"@type\":\"ReadAction\",\"target\":[\"https:\/\/www.congresospse.es\/\"]}]},{\"@type\":\"BreadcrumbList\",\"@id\":\"https:\/\/www.congresospse.es\/#breadcrumb\",\"itemListElement\":[{\"@type\":\"ListItem\",\"position\":1,\"name\":\"Portada\",\"item\":\"https:\/\/www.congresospse.es\/\"},{\"@type\":\"ListItem\",\"position\":2,\"name\":\"Bienvenida 2025\"}]}]}<\/script>\n<!-- \/ Yoast SEO plugin. -->","yoast_head_json":{"title":"Bienvenida 2025 - LI (51) Reuni\u00f3n Anual de la Sociedad de Pediatria del Sureste de Espa\u00f1a","robots":{"index":"index","follow":"follow","max-snippet":"max-snippet:-1","max-image-preview":"max-image-preview:large","max-video-preview":"max-video-preview:-1"},"canonical":"https:\/\/www.congresospse.es\/","og_locale":"es_ES","og_type":"article","og_title":"Bienvenida 2025 - LI (51) Reuni\u00f3n Anual de la Sociedad de Pediatria del Sureste de Espa\u00f1a","og_description":"Queridos colegas y amigos, Es un honor darles la bienvenida a la 51\u00aa Reuni\u00f3n Anual de la Sociedad de Pediatr\u00eda del Sureste de Espa\u00f1a, que este a\u00f1o celebramos bajo un lema tan inspirador como necesario: \u201cLas primeras 1000 semanas: un nuevo mapa para la pediatr\u00eda del siglo XXI\u201d. Este concepto, que debemos agradecer al presidente &hellip; Continuar leyendo \"Bienvenida 2025\"","og_url":"https:\/\/www.congresospse.es\/","og_site_name":"LI (51) Reuni\u00f3n Anual de la Sociedad de Pediatria del Sureste de Espa\u00f1a","article_modified_time":"2025-10-04T16:24:02+00:00","og_image":[{"url":"https:\/\/www.congresospse.es\/wp-content\/uploads\/2025\/10\/download-2-1.jpg"}],"twitter_card":"summary_large_image","twitter_misc":{"Tiempo de lectura":"2 minutos"},"schema":{"@context":"https:\/\/schema.org","@graph":[{"@type":"Organization","@id":"https:\/\/www.congresospse.es\/#organization","name":"LI (51) Reuni\u00f3n Anual de la Sociedad de Pediatria del Sureste de Espa\u00f1a","url":"https:\/\/www.congresospse.es\/","sameAs":[],"logo":{"@type":"ImageObject","inLanguage":"es","@id":"https:\/\/www.congresospse.es\/#\/schema\/logo\/image\/","url":"https:\/\/www.congresospse.es\/wp-content\/uploads\/2022\/08\/cropped-2BD1DBE8-4FBA-4E7C-BD73-4F6173AA7712-2.png","contentUrl":"https:\/\/www.congresospse.es\/wp-content\/uploads\/2022\/08\/cropped-2BD1DBE8-4FBA-4E7C-BD73-4F6173AA7712-2.png","width":110,"height":110,"caption":"LI (51) Reuni\u00f3n Anual de la Sociedad de Pediatria del Sureste de Espa\u00f1a"},"image":{"@id":"https:\/\/www.congresospse.es\/#\/schema\/logo\/image\/"}},{"@type":"WebSite","@id":"https:\/\/www.congresospse.es\/#website","url":"https:\/\/www.congresospse.es\/","name":"LI (51) Reuni\u00f3n Anual de la Sociedad de Pediatria del Sureste de Espa\u00f1a","description":"Estaremos donde est\u00e9 la infancia y la adolescencia de la Regi\u00f3n de Murcia","publisher":{"@id":"https:\/\/www.congresospse.es\/#organization"},"potentialAction":[{"@type":"SearchAction","target":{"@type":"EntryPoint","urlTemplate":"https:\/\/www.congresospse.es\/?s={search_term_string}"},"query-input":"required name=search_term_string"}],"inLanguage":"es"},{"@type":"WebPage","@id":"https:\/\/www.congresospse.es\/","url":"https:\/\/www.congresospse.es\/","name":"Bienvenida 2025 - LI (51) Reuni\u00f3n Anual de la Sociedad de Pediatria del Sureste de Espa\u00f1a","isPartOf":{"@id":"https:\/\/www.congresospse.es\/#website"},"datePublished":"2025-09-13T17:19:45+00:00","dateModified":"2025-10-04T16:24:02+00:00","breadcrumb":{"@id":"https:\/\/www.congresospse.es\/#breadcrumb"},"inLanguage":"es","potentialAction":[{"@type":"ReadAction","target":["https:\/\/www.congresospse.es\/"]}]},{"@type":"BreadcrumbList","@id":"https:\/\/www.congresospse.es\/#breadcrumb","itemListElement":[{"@type":"ListItem","position":1,"name":"Portada","item":"https:\/\/www.congresospse.es\/"},{"@type":"ListItem","position":2,"name":"Bienvenida 2025"}]}]}},"_links":{"self":[{"href":"https:\/\/www.congresospse.es\/index.php?rest_route=\/wp\/v2\/pages\/2150","targetHints":{"allow":["GET"]}}],"collection":[{"href":"https:\/\/www.congresospse.es\/index.php?rest_route=\/wp\/v2\/pages"}],"about":[{"href":"https:\/\/www.congresospse.es\/index.php?rest_route=\/wp\/v2\/types\/page"}],"author":[{"embeddable":true,"href":"https:\/\/www.congresospse.es\/index.php?rest_route=\/wp\/v2\/users\/1"}],"replies":[{"embeddable":true,"href":"https:\/\/www.congresospse.es\/index.php?rest_route=%2Fwp%2Fv2%2Fcomments&post=2150"}],"version-history":[{"count":4,"href":"https:\/\/www.congresospse.es\/index.php?rest_route=\/wp\/v2\/pages\/2150\/revisions"}],"predecessor-version":[{"id":2212,"href":"https:\/\/www.congresospse.es\/index.php?rest_route=\/wp\/v2\/pages\/2150\/revisions\/2212"}],"wp:attachment":[{"href":"https:\/\/www.congresospse.es\/index.php?rest_route=%2Fwp%2Fv2%2Fmedia&parent=2150"}],"curies":[{"name":"wp","href":"https:\/\/api.w.org\/{rel}","templated":true}]}}